 by 6?
2
What is the remainder when 451 is divided by 65?
61
Calculate the remainder when 127 is divided by 13.
10
What is the remainder when 50 is divided by 10?
0
What is the remainder when 26 is divided by 9?
8
Calculate the remainder when 1061 is divided by 71.
67
Calculate the remainder when 211 is divided by 63.
22
What is the remainder when 1872 is divided by 67?
63
Calculate the remainder when 3808 is divided by 30.
28
Calculate the remainder when 485 is divided by 90.
35
What is the remainder when 139 is divided by 49?
41
Calculate the remainder when 508 is divided by 27.
22
What is the remainder when 285 is divided by 59?
49
What is the remainder when 10362 is divided by 3454?
0
Calculate the remainder when 195 is divided by 82.
31
What is the remainder when 187 is divided by 55?
22
Calculate the remainder when 89 is divided by 30.
29
Calculate the remainder when 8430 is divided by 34.
32
What is the remainder when 182 is divided by 59?
5
Calculate the remainder when 59 is divided by 34.
25
What is the remainder when 758 is divided by 23?
22
Calculate the remainder when 311 is divided by 26.
25
Calculate the remainder when 1891 is divided by 45.
1
What is the remainder when 11889 is divided by 58?
57
What is the remainder when 12986 is divided by 31?
28
Calculate the remainder when 1907 is divided by 278.
239
Calculate the remainder when 951 is divided by 159.
156
What is the remainder when 1509 is divided by 84?
81
Calculate the remainder when 9238 is divided by 24.
22
Calculate the remainder when 188 is divided by 166.
22
What is the remainder when 14874 is divided by 87?
84
What is the remainder when 241 is divided by 83?
75
What is the remainder when 3134 is divided by 98?
96
What is the remainder when 1258 is divided by 154?
26
Calculate the remainder when 105 is divided by 50.
5
Calculate the remainder when 4141 is divided by 2068.
5
Calculate the remainder when 229 is divided by 17.
8
Calculate the remainder when 114 is divided by 51.
12
What is the remainder when 2596 is divided by 368?
20
Calculate the remainder when 425 is divided by 169.
87
What is the remainder when 2723 is divided by 58?
55
What is the remainder when 2249 is divided by 49?
44
What is the remainder when 87 is divided by 11?
10
Calculate the remainder when 388 is divided by 39.
37
Calculate the remainder when 453 is divided by 7.
5
What is the remainder when 11799 is divided by 20?
19
What is the remainder when 479 is divided by 48?
47
Calculate the remainder when 508 is divided by 236.
36
Calculate the remainder when 8887 is divided by 31.
21
Calculate the remainder when 137 is divided by 36.
29
What is the remainder when 565 is divided by 189?
187
What is the remainder when 736 is divided by 92?
0
What is the remainder when 601 is divided by 87?
79
What is the remainder when 21407 is divided by 16?
15
Calculate the remainder when 66 is divided by 31.
4
Calculate the remainder when 562 is divided by 88.
34
What is the remainder when 324 is divided by 150?
24
What is the remainder when 27 is divided by 16?
11
Calculate the remainder when 11535 is divided by 16.
15
What is the remainder when 288 is divided by 75?
63
What is the remainder when 1152 is divided by 55?
52
Calculate the remainder when 3193 is divided by 20.
13
Calculate the remainder when 150 is divided by 59.
32
What is the remainder when 418 is divided by 20?
18
Calculate the remainder when 134 is divided by 9.
8
What is the remainder when 311 is divided by 9?
5
Calculate the remainder when 115 is divided by 65.
50
Calculate the remainder when 1544 is divided by 511.
11
Calculate the remainder when 406 is divided by 28.
14
Calculate the remainder when 3299 is divided by 30.
29
Calculate the remainder when 105 is divided by 14.
7
What is the remainder when 536 is divided by 18?
14
Calculate the remainder when 1004 is divided by 27.
5
Calculate the remainder when 1390 is divided by 9.
4
Calculate the remainder when 210 is divided by 53.
51
Calculate the remainder when 63 is divided by 10.
3
Calculate the remainder when 1359 is divided by 177.
120
What is the remainder when 251 is divided by 65?
56
Calculate the remainder when 8295 is divided by 34.
33
What is the remainder when 553 is divided by 55?
3
What is the remainder when 35 is divided by 18?
17
What is the remainder when 195 is divided by 57?
24
Calculate the remainder when 297 is divided by 61.
53
Calculate the remainder when 159 is divided by 23.
21
What is the remainder when 78 is divided by 9?
6
Calculate the remainder when 715 is divided by 219.
58
Calculate the remainder when 2118 is divided by 20.
18
Calculate the remainder when 520 is divided by 28.
16
What is the remainder when 1788 is divided by 53?
39
What is the remainder when 121 is divided by 17?
2
Calculate the remainder when 1086 is divided by 540.
6
Calculate the remainder when 3074 is divided by 38.
34
Calculate the remainder when 3165 is divided by 186.
3
Calculate the remainder when 13975 is divided by 58.
55
What is the remainder when 406 is divided by 24?
22
Calculate the remainder when 113 is divided by 26.
9
What is the remainder when 95 is divided by 2?
1
What is the remainder when 472 is divided by 143?
43
Calculate the remainder when 1240 is divided by 93.
31
What is the remainder when 258 is divided by 19?
11
Calculate the remainder when 749 is divided by 25.
24
Calculate the remainder when 219 is divided by 11.
10
Calculate the remainder when 4837 is divided by 1611.
4
Calculate the remainder when 2091 is divided by 20.
11
Calculate the remainder when 436 is divided by 64.
52
Calculate the remainder when 184 is divided by 27.
22
What is the remainder when 105 is divided by 105?
0
What is the remainder when 56 is divided by 33?
23
What is the remainder when 745 is divided by 11?
8
What is the remainder when 613 is divided by 88?
85
Calculate the remainder when 1020 is divided by 33.
30
Calculate the remainder when 162 is divided by 45.
27
What is the remainder when 60 is divided by 5?
0
Calculate the remainder when 7468 is divided by 26.
6
Calculate the remainder when 110 is divided by 15.
5
Calculate the remainder when 765 is divided by 193.
186
Calculate the remainder when 227 is divided by 33.
29
Calculate the remainder when 2196 is divided by 78.
12
What is the remainder when 6988 is divided by 16?
12
What is the remainder when 696 is divided by 140?
136
What is the remainder when 1494 is divided by 23?
22
Calculate the remainder when 176 is divided by 12.
8
What is the remainder when 2425 is divided by 17?
11
Calculate the remainder when 50 is divided by 17.
16
Calculate the remainder when 501 is divided by 57.
45
What is the remainder when 179 is divided by 64?
51
What is the remainder when 1518 is divided by 39?
36
What is the remainder when 15 is divided by 4?
3
What is the remainder when 376 is divided by 135?
106
What is the remainder when 726 is divided by 52?
50
What is the remainder when 5181 is divided by 305?
301
What is the remainder when 98 is divided by 98?
0
Calculate the remainder when 98 is divided by 26.
20
What is the remainder when 2951 is divided by 82?
81
Calculate the remainder when 68 is divided by 17.
0
What is the remainder when 51 is divided by 29?
22
What is the remainder when 550 is divided by 450?
100
Calculate the remainder when 279 is divided by 137.
5
Calculate the remainder when 1222 is divided by 24.
22
Calculate the remainder when 455 is divided by 154.
147
Calculate the remainder when 410 is divided by 106.
92
What is the remainder when 243 is divided by 19?
15
Calculate the remainder when 1763 is divided by 84.
83
Calculate the remainder when 933 is divided by 912.
21
What is the remainder when 59 is divided by 25?
9
What is the remainder when 52 is divided by 16?
4
What is the remainder when 66 is divided by 12?
6
Calculate the remainder when 2442 is divided by 218.
44
Calculate the remainder when 897 is divided by 146.
21
What is the remainder when 655 is divided by 82?
81
What is the remainder when 1563 is divided by 58?
55
Calculate the remainder when 2534 is divided by 422.
2
Calculate the remainder when 249 is divided by 87.
75
What is the remainder when 641 is divided by 59?
51
Calculate the remainder when 1